re the prime factors of r?
3
Suppose 5*o + 214 = 2*x, -o + 591 = 5*x + 83. What are the prime factors of x?
2, 3, 17
Suppose 0 = -3*t + 112 - 7. Suppose -k + 4 = -5*h + t, -h - k = -11. Let q(j) = -j**2 + 8*j + 6. What are the prime factors of q(h)?
13
Suppose 0 = 5*x + 5*a - 655, 5*x + 6*a - 640 = 4*a. What are the prime factors of x?
2, 3, 7
Let g(j) = -3*j**3 + 3. What are the prime factors of g(-2)?
3
Let f(i) = i**2 - 8*i + 10. Let b be f(7). Suppose -2*t - 15 = b. What are the prime factors of (-2)/t - 170/(-45)?
2
Let l = 0 - -20. Let z(g) = -g**2 - 10*g - 6. Let r be z(-8). Let t = l - r. List the prime factors of t.
2, 5
Let m(y) = 3*y**2 - 22*y + 18. List the prime factors of m(8).
2, 17
What are the prime factors of (-6)/10 - 1936/(-10)?
193
Let m be ((-1)/2)/((-3)/12). Suppose -m*p = 2*p - 16. Let x = p - 0. List the prime factors of x.
2
Let h(r) be the second derivative of r**4/12 + r**3/6 - 2*r. What are the prime factors of h(-2)?
2
Let k(d) = 10*d - 1. Let z be k(7). Suppose -z - 91 = -4*g. List the prime factors of g.
2, 5
Let w be (10/4)/((-7)/14). Let j(b) be the second derivative of -b**3/3 + 2*b**2 - b. What are the prime factors of j(w)?
2, 7
Let l be ((-23)/(-2))/(14/(-28)). Let c = l - -47. List the prime factors of c.
2, 3
Suppose -2*f - 42 = -5*f. Suppose -f = 2*a - 4*a. List the prime factors of a.
7
Suppose 5*d - 2*s + 6 = 0, 2*s = -4*d + 2 + 4. Let i(x) be the third derivative of -x**5/60 + x**4/24 + 2*x**3 + 4*x**2. List the prime factors of i(d).
2, 3
Let a = 77 + 27. List the prime factors of 1*a/(-12)*-3.
2, 13
Let m be 2/(-5) - (-2)/5. Suppose m = -2*h - 3 + 9. Suppose -h*n + 28 = n. What are the prime factors of n?
7
Let s(o) = -o**3 + 6*o**2 - 3*o - 3. Let j be s(5). Suppose 2 = y - h, -4*y + 4 = -h - j. Let k = 8 + y. List the prime factors of k.
11
Let x(b) = 0 - b**2 - b + 3 + 0*b**2 + 16. Suppose 0 = 5*q - 10, -3*q - 2*q + 10 = -3*w. What are the prime factors of x(w)?
19
Let n(l) = l**3 - l**2 - 2*l + 7. List the prime factors of n(3).
19
Suppose -2*y + 3*y = -2*k + 13, 4*k = -8. List the prime factors of y.
17
Suppose -2*t + 49 = -71. List the prime factors of t.
2, 3, 5
Suppose -3*p + 23 = 5*y, 4 = 3*y + 1. Suppose -n + p = -9. Suppose 3*o + v - 2*v = 12, 0 = 3*o - 2*v - n. What are the prime factors of o?
3
Suppose 0 = 3*u + 41 - 425. List the prime factors of u.
2
Let p = 604 - 168. List the prime factors of p.
2, 109
Let p(s) = -s**3 + 8*s**2 + 6*s - 3. Let r be p(8). Let k = 92 - r. Suppose 4*w - k + 3 = 0. What are the prime factors of w?
11
Let l = 11 - 3. List the prime factors of l.
2
List the prime factors of -314*(-2)/8*2.
157
Let k = -2 - -5. Suppose k = s - 2. What are the prime factors of s?
5
Suppose 20 = 3*a + a + 4*t, -5*a + 25 = t. Suppose 0 = -a*r + 3*r + 74. What are the prime factors of r?
37
Let f(o) = -2*o + 3. What are the prime factors of f(-4)?
11
Suppose 3*q - 6 = -0*q. Suppose q*c = 4, -34 = -4*x - 5*c + 24. What are the prime factors of x?
2, 3
Suppose -3*a - 2*l = 2*a - 10, 2*a + 3*l = -7. What are the prime factors of 24/16 + 86/a?
23
Let o be (-6)/4 - (-9)/6. Suppose o = -3*f + v + 58, -4*v = -4*f + f + 43. What are the prime factors of f?
3, 7
List the prime factors of 5/((-10)/(-8)) - -4.
2
Suppose 5*h = 2*r - 6*r + 8, -4 = h. What are the prime factors of r?
7
Suppose 4*r = -5*a + 197, 3*a + 5*r - 163 = -a. What are the prime factors of a?
37
Suppose 3*x = x + 30. Let w be (-112)/(-10) - 3/x. Let o = 20 - w. List the prime factors of o.
3
Let l(a) = a**2 - 5*a - 1. Let i be l(4). Let p(c) be the first derivative of -c**3/3 - 7*c**2/2 - 5*c - 1. List the prime factors of p(i).
5
Let u = -38 - -74. Suppose 8 = 4*a - u. Suppose 0 = -l + a. List the prime factors of l.
11
Let l(o) = 2*o**2 - 11*o - 7. Let m(s) = -3*s**2 + 11*s + 6. Let k(g) = 4*l(g) + 3*m(g). List the prime factors of k(-8).
2, 7
Let b(h) = -4*h**3 + 11*h**2 + 11*h - 11. Let v(c) = 5*c**3 - 12*c**2 - 11*c + 11. Let i(y) = 4*b(y) + 3*v(y). What are the prime factors of i(9)?
7
Suppose -3*k + 45 = -72. List the prime factors of k.
3, 13
Suppose -13*j + 17*j - 676 = 0. What are the prime factors of j?
13
Let d(c) = -4*c + 7. Let j(y) = y**3 - 5*y**2 - 6*y - 5. Let i be j(6). List the prime factors of d(i).
3
Suppose 4*q - 20 = -n, -5 = 5*q - 6*q + 3*n. Suppose -q*o + 4 + 1 = 0. List the prime factors of (24 - 3) + 2 - o.
2, 11
Let s(y) = 2*y**2 + 3*y - 3. Let g be s(-4). Let v = g + -6. What are the prime factors of v?
11
Let t = -1 - -4. Suppose 4*o + t*f = -44, 0*o = -o + 4*f + 8. What are the prime factors of (16/10)/(o/(-60))?
2, 3
Suppose 0*w = -3*w + 12. Suppose 4*z + z = 5*c - 55, 2*c - w*z - 30 = 0. What are the prime factors of c?
7
Suppose -s - 4*s = -3*n - 265, 0 = -s + n + 55. List the prime factors of s.
2, 5
List the prime factors of (0 + -15)*9/(-9).
3, 5
Suppose 4*g = -2*a + 1142, 294 = -3*g - 3*a + 1158. What are the prime factors of g?
283
Suppose -3*j + 4*i + 14 = -4, 0 = i. Suppose -5*t = 2*p - 19, -5*p = 2*t - 4*t - 4. Suppose p = -2*s + j. What are the prime factors of s?
2
Let t(g) = 7*g + 4. Let x be t(4). Suppose -5*v = -v - x. List the prime factors of v.
2
Let w be -47 + 2 + -5 - -4. Let o(l) = -10*l**2 + l + 1. Let s be o(-1). What are the prime factors of w/(-14) - s/(-35)?
3
Let s = -39 + 28. Let w = -6 - s. What are the prime factors of w?
5
Suppose -2*v - 2*d + 516 = 2*v, 0 = 4*v + 4*d - 508. List the prime factors of v.
131
Let s(n) = -n**3 + 10*n**2 - 8*n + 8. What are the prime factors of s(9)?
17
Let p be (1/2)/(2/28). Let t = -4 - -2. Let l = p - t. What are the prime factors of l?
3
Let n(b) be the third derivative of -b**5/60 + b**4/12 + b**3/3 + 6*b**2. What are the prime factors of n(0)?
2
Suppose 0 = -4*u + 39 + 205. Let p = u + -10. List the prime factors of p.
3, 17
What are the prime factors of (2 - -138) + 5 - 1?
2, 3
Let r be (-7 - 2 - 2)*-1. Let d = -17 + 9. Let o = d + r. List the prime factors of o.
3
Let h = -267 + 427. List the prime factors of h.
2, 5
Let v = 9 - -5. Suppose 2*u - 40 + v = 0. List the prime factors of u.
13
Let n(b) be the second derivative of b**3/3 - 5*b**2/2 - 4*b. What are the prime factors of n(8)?
11
Suppose 0 = -5*j - 5*d + 70, 4*j + 7*d - 52 = 4*d. List the prime factors of 1/((-8)/j)*-8.
2, 5
Suppose -3*t - 5*r + 80 = -172, 3*r = 0. List the prime factors of t.
2, 3, 7
Suppose -3*j = -7*j. Let o be -2 - ((-17 - -2) + j). Let w = o + -3. List the prime factors of w.
2, 5
Suppose -6*z + 2694 - 642 = 0. What are the prime factors of z?
2, 3, 19
Suppose -12*c + 980 = -5*c. List the prime factors of c.
2, 5, 7
Suppose 4 = -0*j + 4*j. Let k be (-195)/(-10) - j/(-2). Let n = k - 6. What are the prime factors of n?
2, 7
Let f(c) = -c**2 + 14*c - 2. List the prime factors of f(13).
11
Let d(j) = -10*j - 27. List the prime factors of d(-8).
53
Suppose 2*d + 369 = -5*c - 0*d, 240 = -3*c + 5*d. What are the prime factors of ((-8)/(-10))/((-6)/c)?
2, 5
Suppose -a + 3*p - 36 = 4*a, -4*a - 14 = 5*p. What are the prime factors of (2/4)/(a/(-216))?
2, 3
Let l(g) = -g**3 + 2*g**2 + g. Suppose 0*v - 3*v = -6. List the prime factors of l(v).
2
Let s(x) = x**2 - 11*x - 4. Let n be s(12). Let o = n + -9. List the prime factors of 3*(-1 - -2) - o.
2
Let c = 12 - 4. Let l = c + -20. What are the prime factors of ((-3)/6)/(1/l)?
2, 3
Suppose 2520 = 3*h + 18*h. What are the prime factors of h?
2, 3, 5
Let u be (16/88 - 97/(-11)) + -4. Let q(n) = -72*n**3 + n**2 + n. Let y be q(-1). Suppose 0 = u*s - 23 - y. What are the prime factors of s?
19
Suppose 5*b = 4*b + 3. Suppose -5*d = -12 + 32, -2*j = -5*d - 48. Suppose 0 = g - q - j, 5*q - b = 3*g - 55. What are the prime factors of g?
3
Let q(f) = -f**3 + 4*f**2 - 2*f - 4. Let y be q(4). List the prime factors of (-34)/(-3) - y/18.
2, 3
Let p(a) = a**3 + 3*a**2 - 2*a - 5. Let w be p(-4). Let v = w + 1. Let z = -3 - v. What are the prime factors of z?
3
Suppose -2*y - 18 = -5*y. Let j(r) = -r**3 + 6*r**2 + r + 6. What are the prime factors of j(y)?
2, 3
Let n(j) = j**2 + 4 - 3*j - 2*j + 2. Let a be n(5). Suppose -a*o + 75 = -o. What are the prime factors of o?
3, 5
Let w = 47 - 17. What are the prime factors of w?
2, 3, 5
Suppose -4*y = 5*d - 266, -3*y - d + 130 = -y. What are the prime factors of y?
2
L